{"id":13546,"date":"2021-11-26T00:06:00","date_gmt":"2021-11-26T00:06:00","guid":{"rendered":"https:\/\/videogameschile.com\/home\/?page_id=13546"},"modified":"2022-05-29T21:01:22","modified_gmt":"2022-05-29T21:01:22","slug":"inscripcion","status":"publish","type":"page","link":"https:\/\/videogameschile.com\/home\/inscripcion\/","title":{"rendered":"Inscripci\u00f3n"},"content":{"rendered":"\t\t<div data-elementor-type=\"wp-page\" data-elementor-id=\"13546\" class=\"elementor elementor-13546\" data-elementor-post-type=\"page\">\n\t\t\t\t\t\t<section class=\"elementor-section elementor-top-section elementor-element elementor-element-b703bd0 elementor-section-full_width elementor-section-height-min-height elementor-section-height-default elementor-section-items-middle\" data-id=\"b703bd0\" data-element_type=\"section\" data-e-type=\"section\">\n\t\t\t\t\t\t<div class=\"elementor-container elementor-column-gap-default\">\n\t\t\t\t\t<div class=\"elementor-column elementor-col-100 elementor-top-column elementor-element elementor-element-f89ac10\" data-id=\"f89ac10\" data-element_type=\"column\" data-e-type=\"column\">\n\t\t\t<div class=\"elementor-widget-wrap elementor-element-populated\">\n\t\t\t\t\t\t<div class=\"elementor-element elementor-element-c38a771 elementor-invisible elementor-widget elementor-widget-pix-animated-heading\" data-id=\"c38a771\" data-element_type=\"widget\" data-e-type=\"widget\" data-widget_type=\"pix-animated-heading.default\">\n\t\t\t\t<div class=\"elementor-widget-container\">\n\t\t\t\t\t<div class=\"text-center \"><div class=\"slide-in-container w-100 pix-slogan-text\"><h6 data-anim-type=\"slide-in-up\" class=\" font-weight-bold text-gray-5 animate-in\" >ASOCIACI\u00d3N GREMIAL DE DESARROLLADORES DE VIDEOJUEGOS<\/h6><\/div><div><h1 class=\"pix-headline my-3  zoom text-black font-weight-bold   animate-in\" style=\"\" data-anim-type=\"fade-in\" data-anim-delay=\"0\" ><span>Inscripci\u00f3n para ser socio <\/span><span class=\"pix-words-wrapper\"><span class=\"is-visible \" ><\/span> <\/span><span><\/span><\/h1><\/div><\/div>\t\t\t\t<\/div>\n\t\t\t\t<\/div>\n\t\t\t\t\t<\/div>\n\t\t<\/div>\n\t\t\t\t\t<\/div>\n\t\t<\/section>\n\t\t\t\t<section class=\"elementor-section elementor-top-section elementor-element elementor-element-50bc890b bg-gradient-primary-light elementor-section-boxed elementor-section-height-default elementor-section-height-default\" data-id=\"50bc890b\" data-element_type=\"section\" data-e-type=\"section\" data-settings=\"{&quot;shape_divider_top&quot;:&quot;tilt&quot;,&quot;shape_divider_bottom&quot;:&quot;tilt&quot;}\">\n\t\t\t\t\t<div class=\"elementor-shape elementor-shape-top\" aria-hidden=\"true\" data-negative=\"false\">\n\t\t\t<svg xmlns=\"http:\/\/www.w3.org\/2000\/svg\" viewBox=\"0 0 1000 100\" preserveAspectRatio=\"none\">\n\t<path class=\"elementor-shape-fill\" d=\"M0,6V0h1000v100L0,6z\"\/>\n<\/svg>\t\t<\/div>\n\t\t\t\t<div class=\"elementor-shape elementor-shape-bottom\" aria-hidden=\"true\" data-negative=\"false\">\n\t\t\t<svg xmlns=\"http:\/\/www.w3.org\/2000\/svg\" viewBox=\"0 0 1000 100\" preserveAspectRatio=\"none\">\n\t<path class=\"elementor-shape-fill\" d=\"M0,6V0h1000v100L0,6z\"\/>\n<\/svg>\t\t<\/div>\n\t\t\t\t\t<div class=\"elementor-container elementor-column-gap-default\">\n\t\t\t\t\t<div class=\"elementor-column elementor-col-100 elementor-top-column elementor-element elementor-element-15a01627\" data-id=\"15a01627\" data-element_type=\"column\" data-e-type=\"column\">\n\t\t\t<div class=\"elementor-widget-wrap elementor-element-populated\">\n\t\t\t\t\t\t<section class=\"elementor-section elementor-inner-section elementor-element elementor-element-680cea8a elementor-section-full_width elementor-section-height-default elementor-section-height-default\" data-id=\"680cea8a\" data-element_type=\"section\" data-e-type=\"section\">\n\t\t\t\t\t\t<div class=\"elementor-container elementor-column-gap-default\">\n\t\t\t\t\t<div class=\"elementor-column elementor-col-50 elementor-inner-column elementor-element elementor-element-446bd454\" data-id=\"446bd454\" data-element_type=\"column\" data-e-type=\"column\">\n\t\t\t<div class=\"elementor-widget-wrap elementor-element-populated\">\n\t\t\t\t\t\t<div class=\"elementor-element elementor-element-14cbf27 elementor-widget elementor-widget-image\" data-id=\"14cbf27\" data-element_type=\"widget\" data-e-type=\"widget\" data-widget_type=\"image.default\">\n\t\t\t\t<div class=\"elementor-widget-container\">\n\t\t\t\t\t\t\t\t\t\t\t\t\t\t\t<img fetchpriority=\"high\" decoding=\"async\" width=\"640\" height=\"640\" src=\"https:\/\/videogameschile.com\/home\/wp-content\/uploads\/2021\/11\/LogoCompleto-VGChile_01-LetraBlanca_Fondo01-1024x1024.jpg\" class=\"attachment-large size-large wp-image-13352\" alt=\"\" srcset=\"https:\/\/videogameschile.com\/home\/wp-content\/uploads\/2021\/11\/LogoCompleto-VGChile_01-LetraBlanca_Fondo01-1024x1024.jpg 1024w, https:\/\/videogameschile.com\/home\/wp-content\/uploads\/2021\/11\/LogoCompleto-VGChile_01-LetraBlanca_Fondo01-300x300.jpg 300w, https:\/\/videogameschile.com\/home\/wp-content\/uploads\/2021\/11\/LogoCompleto-VGChile_01-LetraBlanca_Fondo01-150x150.jpg 150w, https:\/\/videogameschile.com\/home\/wp-content\/uploads\/2021\/11\/LogoCompleto-VGChile_01-LetraBlanca_Fondo01-768x768.jpg 768w, https:\/\/videogameschile.com\/home\/wp-content\/uploads\/2021\/11\/LogoCompleto-VGChile_01-LetraBlanca_Fondo01-1536x1536.jpg 1536w, https:\/\/videogameschile.com\/home\/wp-content\/uploads\/2021\/11\/LogoCompleto-VGChile_01-LetraBlanca_Fondo01-400x400.jpg 400w, https:\/\/videogameschile.com\/home\/wp-content\/uploads\/2021\/11\/LogoCompleto-VGChile_01-LetraBlanca_Fondo01-75x75.jpg 75w, https:\/\/videogameschile.com\/home\/wp-content\/uploads\/2021\/11\/LogoCompleto-VGChile_01-LetraBlanca_Fondo01-460x460.jpg 460w, https:\/\/videogameschile.com\/home\/wp-content\/uploads\/2021\/11\/LogoCompleto-VGChile_01-LetraBlanca_Fondo01.jpg 2000w\" sizes=\"(max-width: 640px) 100vw, 640px\" \/>\t\t\t\t\t\t\t\t\t\t\t\t\t\t\t<\/div>\n\t\t\t\t<\/div>\n\t\t\t\t\t<\/div>\n\t\t<\/div>\n\t\t\t\t<div class=\"elementor-column elementor-col-50 elementor-inner-column elementor-element elementor-element-4c8c3969\" data-id=\"4c8c3969\" data-element_type=\"column\" data-e-type=\"column\">\n\t\t\t<div class=\"elementor-widget-wrap elementor-element-populated\">\n\t\t\t\t\t\t<div class=\"elementor-element elementor-element-49cfdf1 elementor-widget elementor-widget-text-editor\" data-id=\"49cfdf1\" data-element_type=\"widget\" data-e-type=\"widget\" data-widget_type=\"text-editor.default\">\n\t\t\t\t<div class=\"elementor-widget-container\">\n\t\t\t\t\t\t\t\t\t<div data-key=\"f991702d413044a49de29dda3b2fa8e8\" data-slate-fragment=\"JTdCJTIyb2JqZWN0JTIyJTNBJTIyZG9jdW1lbnQlMjIlMkMlMjJkYXRhJTIyJTNBJTdCJTdEJTJDJTIybm9kZXMlMjIlM0ElNUIlN0IlMjJvYmplY3QlMjIlM0ElMjJibG9jayUyMiUyQyUyMnR5cGUlMjIlM0ElMjJwYXJhZ3JhcGglMjIlMkMlMjJpc1ZvaWQlMjIlM0FmYWxzZSUyQyUyMmRhdGElMjIlM0ElN0IlN0QlMkMlMjJub2RlcyUyMiUzQSU1QiU3QiUyMm9iamVjdCUyMiUzQSUyMnRleHQlMjIlMkMlMjJsZWF2ZXMlMjIlM0ElNUIlN0IlMjJvYmplY3QlMjIlM0ElMjJsZWFmJTIyJTJDJTIydGV4dCUyMiUzQSUyMlZHJTIwQ2hpbGUlMjBmdWUlMjBjcmVhZG8lMjBwYXJhJTIwcHJvbW92ZXIlMjB5JTIwYXBveWFyJTIwbGElMjBpbmR1c3RyaWElMjBkZWwlMjBkZXNhcnJvbGxvJTIwZGUlMjB2aWRlb2p1ZWdvcyUyMGVuJTIwZXN0ZSUyMHBhJUMzJUFEcy4lMjBWRyUyMENoaWxlJTIwdGllbmUlMjBjb21vJTIwb2JqZXRpdm8lMjBjb25lY3RhciUyMGElMjBsYXMlMjBjb21wYSVDMyVCMSVDMyVBRGFzJTIwZGUlMjBkZXNhcnJvbGxvJTIwbG9jYWwlMjBjb24lMjBlbCUyMG1lcmNhZG8lMjBnbG9iYWwlMjB5JTIwY29sYWJvcmFyJTIwY29uJTIwYWN0b3JlcyUyMHAlQzMlQkFibGljb3MlMjB5JTIwcHJpdmFkb3MlMjByZWxldmFudGVzJTIwcmVsYWNpb25hZG9zJTIwY29uJTIwbGElMjBpbmR1c3RyaWEuJTIyJTJDJTIybWFya3MlMjIlM0ElNUIlNUQlMkMlMjJzZWxlY3Rpb25zJTIyJTNBJTVCJTVEJTdEJTVEJTJDJTIya2V5JTIyJTNBJTIyODg4YjY3NDNkMGIwNDE1NmFlNTkzZjUzYTcwZDAwY2QlMjIlN0QlNUQlMkMlMjJrZXklMjIlM0ElMjI2NTc3NzdlNjNmMGE0MDQ2OTZlYjllMmY0MWU1OWJkNiUyMiU3RCUyQyU3QiUyMm9iamVjdCUyMiUzQSUyMmJsb2NrJTIyJTJDJTIydHlwZSUyMiUzQSUyMmhlYWRpbmctMSUyMiUyQyUyMmlzVm9pZCUyMiUzQWZhbHNlJTJDJTIyZGF0YSUyMiUzQSU3QiU3RCUyQyUyMm5vZGVzJTIyJTNBJTVCJTdCJTIyb2JqZWN0JTIyJTNBJTIydGV4dCUyMiUyQyUyMmxlYXZlcyUyMiUzQSU1QiU3QiUyMm9iamVjdCUyMiUzQSUyMmxlYWYlMjIlMkMlMjJ0ZXh0JTIyJTNBJTIyJTIyJTJDJTIybWFya3MlMjIlM0ElNUIlNUQlMkMlMjJzZWxlY3Rpb25zJTIyJTNBJTVCJTVEJTdEJTVEJTJDJTIya2V5JTIyJTNBJTIyZGEyYTgzOWZjN2YxNGMzMjk3MzJmZWZlYzFlZDg2ODclMjIlN0QlNUQlMkMlMjJrZXklMjIlM0ElMjIzYjM1YzQ5MGQ2YzA0YTViOTRkMDgwM2ViNmM4MjRlNiUyMiU3RCU1RCUyQyUyMmtleSUyMiUzQSUyMjk5OWEwYzVhZDI2YzQ1YTQ4MjU1MjhiYjkyMWEwNzQ1JTIyJTdE\"><div data-block-content=\"f991702d413044a49de29dda3b2fa8e8\"><h5 dir=\"auto\"><strong>M\u00c1S DE 10 A\u00d1OS APOYANDO A LA INDUSTRIA<\/strong><\/h5><div dir=\"auto\"><br \/>La persona, empresa o instituci\u00f3n que se interese en ingresar a la Asociaci\u00f3n, deber\u00e1 presentar una solicitud en el siguiente formulario.En la pregunta de: \u00bfPor qu\u00e9 quiere ser parte del gremio? deber\u00eda considerar los siguientes requerimientos:<ul><li>Breve descripci\u00f3n del perfil del individuo(a) o Instituci\u00f3n, Empresa o iniciativa que desea postular.<br \/>Portafolio de proyectos (Enlace)<\/li><li>Tipo de membres\u00eda a postular<\/li><\/ul>La directiva proceder\u00e1 luego a tener una reuni\u00f3n con usted para presentarle en profundidad lo que ofrece el gremio, revisar el tipo de membres\u00eda y proceder a la inscripci\u00f3n final para oficializar su ingreso.La confirmaci\u00f3n final ser\u00e1 en la siguiente reuni\u00f3n de directiva con votaci\u00f3n para concretar el ingreso. Se le enviar\u00e1 los datos para el primer pago de cuota.Si tiene dudas, revise el documento del tipo de membres\u00edas.<\/div><\/div><\/div>\t\t\t\t\t\t\t\t<\/div>\n\t\t\t\t<\/div>\n\t\t\t\t<div class=\"elementor-element elementor-element-1b0f65b elementor-button-success elementor-align-center elementor-widget elementor-widget-button\" data-id=\"1b0f65b\" data-element_type=\"widget\" data-e-type=\"widget\" data-widget_type=\"button.default\">\n\t\t\t\t<div class=\"elementor-widget-container\">\n\t\t\t\t\t\t\t\t\t<div class=\"elementor-button-wrapper\">\n\t\t\t\t\t<a class=\"elementor-button elementor-button-link elementor-size-sm\" href=\"https:\/\/videogameschile.com\/home\/membresia-beneficios\/\">\n\t\t\t\t\t\t<span class=\"elementor-button-content-wrapper\">\n\t\t\t\t\t\t<span class=\"elementor-button-icon\">\n\t\t\t\t<i aria-hidden=\"true\" class=\"far fa-clipboard\"><\/i>\t\t\t<\/span>\n\t\t\t\t\t\t\t\t\t<span class=\"elementor-button-text\">\u00a1M\u00e1s informaci\u00f3n membres\u00edas!<\/span>\n\t\t\t\t\t<\/span>\n\t\t\t\t\t<\/a>\n\t\t\t\t<\/div>\n\t\t\t\t\t\t\t\t<\/div>\n\t\t\t\t<\/div>\n\t\t\t\t\t<\/div>\n\t\t<\/div>\n\t\t\t\t\t<\/div>\n\t\t<\/section>\n\t\t\t\t<div class=\"elementor-element elementor-element-d47173c elementor-widget elementor-widget-spacer\" data-id=\"d47173c\" data-element_type=\"widget\" data-e-type=\"widget\" data-widget_type=\"spacer.default\">\n\t\t\t\t<div class=\"elementor-widget-container\">\n\t\t\t\t\t\t\t<div class=\"elementor-spacer\">\n\t\t\t<div class=\"elementor-spacer-inner\"><\/div>\n\t\t<\/div>\n\t\t\t\t\t\t<\/div>\n\t\t\t\t<\/div>\n\t\t\t\t\t<\/div>\n\t\t<\/div>\n\t\t\t\t\t<\/div>\n\t\t<\/section>\n\t\t\t\t<section class=\"elementor-section elementor-top-section elementor-element elementor-element-8244991 elementor-section-boxed elementor-section-height-default elementor-section-height-default\" data-id=\"8244991\" data-element_type=\"section\" data-e-type=\"section\">\n\t\t\t\t\t\t<div class=\"elementor-container elementor-column-gap-default\">\n\t\t\t\t\t<div class=\"elementor-column elementor-col-100 elementor-top-column elementor-element elementor-element-9545b69\" data-id=\"9545b69\" data-element_type=\"column\" data-e-type=\"column\">\n\t\t\t<div class=\"elementor-widget-wrap elementor-element-populated\">\n\t\t\t\t\t\t<div class=\"elementor-element elementor-element-ab84352 elementor-headline--style-rotate elementor-widget elementor-widget-animated-headline\" data-id=\"ab84352\" data-element_type=\"widget\" data-e-type=\"widget\" data-settings=\"{&quot;headline_style&quot;:&quot;rotate&quot;,&quot;animation_type&quot;:&quot;swirl&quot;,&quot;rotating_text&quot;:&quot;\\n&quot;,&quot;loop&quot;:&quot;yes&quot;,&quot;rotate_iteration_delay&quot;:2500}\" data-widget_type=\"animated-headline.default\">\n\t\t\t\t<div class=\"elementor-widget-container\">\n\t\t\t\t\t\t\t<h3 class=\"elementor-headline elementor-headline-animation-type-swirl elementor-headline-letters\">\n\t\t\t\t\t<span class=\"elementor-headline-plain-text elementor-headline-text-wrapper\">\u00bfLISTO PARA SER PARTE DE LA INDUSTRIA?<\/span>\n\t\t\t\t<span class=\"elementor-headline-dynamic-wrapper elementor-headline-text-wrapper\">\n\t\t\t\t\t<span class=\"elementor-headline-dynamic-text elementor-headline-text-active\">\n\t\t\t\t\t\t\t<\/span>\n\t\t\t\t\t<span class=\"elementor-headline-dynamic-text\">\n\t\t\t\t\t\t\t<\/span>\n\t\t\t\t\t\t<\/span>\n\t\t\t\t<\/h3>\n\t\t\t\t\t\t<\/div>\n\t\t\t\t<\/div>\n\t\t\t\t\t<\/div>\n\t\t<\/div>\n\t\t\t\t\t<\/div>\n\t\t<\/section>\n\t\t\t\t<section class=\"elementor-section elementor-top-section elementor-element elementor-element-4a8baa56 elementor-section-stretched elementor-section-full_width elementor-section-height-min-height elementor-section-height-default elementor-section-items-middle\" data-id=\"4a8baa56\" data-element_type=\"section\" data-e-type=\"section\" data-settings=\"{&quot;stretch_section&quot;:&quot;section-stretched&quot;,&quot;background_slideshow_gallery&quot;:[{&quot;id&quot;:13370,&quot;url&quot;:&quot;http:\\\/\\\/videogameschile.com\\\/home\\\/wp-content\\\/uploads\\\/2021\\\/11\\\/02_ACE_ETERNAL_03-scaled.jpg&quot;},{&quot;id&quot;:13371,&quot;url&quot;:&quot;http:\\\/\\\/videogameschile.com\\\/home\\\/wp-content\\\/uploads\\\/2021\\\/11\\\/06_PQube_Abstact.jpg&quot;},{&quot;id&quot;:13372,&quot;url&quot;:&quot;http:\\\/\\\/videogameschile.com\\\/home\\\/wp-content\\\/uploads\\\/2021\\\/11\\\/04_iguanna_gijoe_01.jpg&quot;},{&quot;id&quot;:13373,&quot;url&quot;:&quot;http:\\\/\\\/videogameschile.com\\\/home\\\/wp-content\\\/uploads\\\/2021\\\/11\\\/EzLfTs6VcAonEUi.jpg&quot;},{&quot;id&quot;:13374,&quot;url&quot;:&quot;http:\\\/\\\/videogameschile.com\\\/home\\\/wp-content\\\/uploads\\\/2021\\\/11\\\/slide_1-scaled.jpg&quot;}],&quot;background_background&quot;:&quot;slideshow&quot;,&quot;background_slideshow_ken_burns&quot;:&quot;yes&quot;,&quot;background_slideshow_loop&quot;:&quot;yes&quot;,&quot;background_slideshow_slide_duration&quot;:5000,&quot;background_slideshow_slide_transition&quot;:&quot;fade&quot;,&quot;background_slideshow_transition_duration&quot;:500,&quot;background_slideshow_ken_burns_zoom_direction&quot;:&quot;in&quot;}\">\n\t\t\t\t\t\t\t<div class=\"elementor-background-overlay\"><\/div>\n\t\t\t\t\t\t\t<div class=\"elementor-container elementor-column-gap-default\">\n\t\t\t\t\t<div class=\"elementor-column elementor-col-100 elementor-top-column elementor-element elementor-element-93f358a\" data-id=\"93f358a\" data-element_type=\"column\" data-e-type=\"column\">\n\t\t\t<div class=\"elementor-widget-wrap elementor-element-populated\">\n\t\t\t\t\t\t<div class=\"elementor-element elementor-element-19d66a19 elementor-widget elementor-widget-pix-button\" data-id=\"19d66a19\" data-element_type=\"widget\" data-e-type=\"widget\" data-widget_type=\"pix-button.default\">\n\t\t\t\t<div class=\"elementor-widget-container\">\n\t\t\t\t\t<div class=\"d-block w-100 text-center\"><a  href=\"https:\/\/forms.gle\/8dMcm5mPHJhBrKii6\" class=\"btn m-0     shadow-lg shadow-inverse-hover scale-lg text-black btn-yellow d-inline-block pix-hover-item     secondary-font btn-rounded animate-in pix-btn-div btn-xl\" target=\"_blank\" rel=\"noopener\"  data-anim-type=\"fade-in-up\" data-anim-delay=\"0\" ><i class=\"font-weight-bold pixicon-note-edit  pix-hover-left  mr-1\"><\/i> <span class=\"font-weight-bold \" >\u00a1INSCRIBETE YA!<\/span><\/a><\/div>\t\t\t\t<\/div>\n\t\t\t\t<\/div>\n\t\t\t\t\t<\/div>\n\t\t<\/div>\n\t\t\t\t\t<\/div>\n\t\t<\/section>\n\t\t\t\t<section class=\"elementor-section elementor-top-section elementor-element elementor-element-7a6b328 elementor-section-full_width elementor-section-height-default elementor-section-height-default\" data-id=\"7a6b328\" data-element_type=\"section\" data-e-type=\"section\">\n\t\t\t\t\t\t<div class=\"elementor-container elementor-column-gap-default\">\n\t\t\t\t\t<div class=\"elementor-column elementor-col-100 elementor-top-column elementor-element elementor-element-a4b436e\" data-id=\"a4b436e\" data-element_type=\"column\" data-e-type=\"column\">\n\t\t\t<div class=\"elementor-widget-wrap elementor-element-populated\">\n\t\t\t\t\t\t<div class=\"elementor-element elementor-element-6694137 elementor-widget elementor-widget-spacer\" data-id=\"6694137\" data-element_type=\"widget\" data-e-type=\"widget\" data-widget_type=\"spacer.default\">\n\t\t\t\t<div class=\"elementor-widget-container\">\n\t\t\t\t\t\t\t<div class=\"elementor-spacer\">\n\t\t\t<div class=\"elementor-spacer-inner\"><\/div>\n\t\t<\/div>\n\t\t\t\t\t\t<\/div>\n\t\t\t\t<\/div>\n\t\t\t\t\t<\/div>\n\t\t<\/div>\n\t\t\t\t\t<\/div>\n\t\t<\/section>\n\t\t\t\t<\/div>\n\t\t","protected":false},"excerpt":{"rendered":"ASOCIACI\u00d3N GREMIAL DE DESARROLLADORES DE VIDEOJUEGOSInscripci\u00f3n para ser socio M\u00c1S DE 10 A\u00d1OS APOYANDO A LA INDUSTRIALa persona, empresa o instituci\u00f3n que se interese en ingresar a la Asociaci\u00f3n, deber\u00e1 presentar una solicitud en el siguiente formulario.En la pregunta de:&#8230;","protected":false},"author":2,"featured_media":0,"parent":0,"menu_order":0,"comment_status":"closed","ping_status":"closed","template":"templates\/template-full-width.php","meta":{"footnotes":""},"class_list":["post-13546","page","type-page","status-publish","hentry"],"_links":{"self":[{"href":"https:\/\/videogameschile.com\/home\/wp-json\/wp\/v2\/pages\/13546","targetHints":{"allow":["GET"]}}],"collection":[{"href":"https:\/\/videogameschile.com\/home\/wp-json\/wp\/v2\/pages"}],"about":[{"href":"https:\/\/videogameschile.com\/home\/wp-json\/wp\/v2\/types\/page"}],"author":[{"embeddable":true,"href":"https:\/\/videogameschile.com\/home\/wp-json\/wp\/v2\/users\/2"}],"replies":[{"embeddable":true,"href":"https:\/\/videogameschile.com\/home\/wp-json\/wp\/v2\/comments?post=13546"}],"version-history":[{"count":25,"href":"https:\/\/videogameschile.com\/home\/wp-json\/wp\/v2\/pages\/13546\/revisions"}],"predecessor-version":[{"id":13733,"href":"https:\/\/videogameschile.com\/home\/wp-json\/wp\/v2\/pages\/13546\/revisions\/13733"}],"wp:attachment":[{"href":"https:\/\/videogameschile.com\/home\/wp-json\/wp\/v2\/media?parent=13546"}],"curies":[{"name":"wp","href":"https:\/\/api.w.org\/{rel}","templated":true}]}}